{"id":1157,"date":"2025-08-01T14:31:06","date_gmt":"2025-08-01T07:31:06","guid":{"rendered":"https:\/\/ematechvn.com\/?post_type=product&#038;p=1157"},"modified":"2025-08-01T15:27:20","modified_gmt":"2025-08-01T08:27:20","slug":"robot-han-yaskawa-fanuc-abb-kuka","status":"publish","type":"product","link":"https:\/\/ematechvn.com\/?product=robot-han-yaskawa-fanuc-abb-kuka","title":{"rendered":"Robot h\u00e0n Yaskawa\/ Fanuc\/ ABB\/ KUKA"},"content":{"rendered":"<h2 data-start=\"218\" data-end=\"304\"><strong data-start=\"221\" data-end=\"304\">Robot h\u00e0n Yaskawa\/ Fanuc\/ ABB\/ KUKA \u2013 Gi\u1ea3i Ph\u00e1p T\u1ef1 \u0110\u1ed9ng H\u00f3a Hi\u1ec7n \u0110\u1ea1i Cho Ng\u00e0nh C\u01a1 Kh\u00ed<\/strong><\/h2>\n<h3 data-start=\"306\" data-end=\"333\"><strong data-start=\"310\" data-end=\"333\">Gi\u1edbi thi\u1ec7u s\u1ea3n ph\u1ea9m<\/strong><\/h3>\n<p data-start=\"335\" data-end=\"657\">Robot h\u00e0n l\u00e0 c\u00e1nh tay t\u1ef1 \u0111\u1ed9ng h\u00f3a \u0111\u01b0\u1ee3c thi\u1ebft k\u1ebf \u0111\u1ec3 th\u1ef1c hi\u1ec7n c\u00e1c thao t\u00e1c h\u00e0n v\u1edbi \u0111\u1ed9 ch\u00ednh x\u00e1c v\u00e0 t\u1ed1c \u0111\u1ed9 cao. Thi\u1ebft b\u1ecb n\u00e0y \u0111\u01b0\u1ee3c l\u1eadp tr\u00ecnh s\u1eb5n \u0111\u1ec3 th\u1ef1c hi\u1ec7n c\u00e1c lo\u1ea1i h\u00e0n nh\u01b0: <strong data-start=\"419\" data-end=\"470\">h\u00e0n MIG\/MAG, h\u00e0n TIG, h\u00e0n \u0111i\u1ec3m, h\u00e0n h\u1ed3 quang&#8230;<\/strong>, gi\u00fap t\u0103ng n\u0103ng su\u1ea5t, gi\u1ea3m chi ph\u00ed nh\u00e2n c\u00f4ng v\u00e0 \u0111\u1ea3m b\u1ea3o ch\u1ea5t l\u01b0\u1ee3ng m\u1ed1i h\u00e0n \u1ed5n \u0111\u1ecbnh.<\/p>\n<hr data-start=\"1435\" data-end=\"1438\" \/>\n<h3 data-start=\"1440\" data-end=\"1472\"><strong data-start=\"1444\" data-end=\"1472\">Th\u00f4ng s\u1ed1 k\u1ef9 thu\u1eadt c\u01a1 b\u1ea3n<\/strong><\/h3>\n<table width=\"756\">\n<tbody>\n<tr>\n<td style=\"text-align: center;\" width=\"246\">M\u00f4 t\u1ea3<\/td>\n<td style=\"text-align: center;\" width=\"510\">Th\u00f4ng s\u1ed1<\/td>\n<\/tr>\n<tr>\n<td colspan=\"2\" width=\"756\"><strong>1.\u00a0\u00a0\u00a0\u00a0 <\/strong><strong>TAY M\u00c1Y<\/strong><\/td>\n<\/tr>\n<tr>\n<td width=\"246\">Tay m\u00e1y<\/td>\n<td style=\"text-align: center;\" width=\"510\">UP6<\/td>\n<\/tr>\n<tr>\n<td width=\"246\">S\u1ed1 tr\u1ee5c<\/td>\n<td style=\"text-align: center;\" width=\"510\">6 tr\u1ee5c<\/td>\n<\/tr>\n<tr>\n<td width=\"246\">T\u1ea3i tr\u1ecdng<\/td>\n<td style=\"text-align: center;\" width=\"510\">6 kg<\/td>\n<\/tr>\n<tr>\n<td width=\"246\">T\u1ea7m v\u1edbi<\/td>\n<td style=\"text-align: center;\" width=\"510\">1400 mm<\/td>\n<\/tr>\n<tr>\n<td width=\"246\">\u0110\u1ed9 ch\u00ednh x\u00e1c l\u1eb7p l\u1ea1i<\/td>\n<td style=\"text-align: center;\" width=\"510\">\u00b10.0800mm<\/td>\n<\/tr>\n<tr>\n<td width=\"246\">Tr\u1ecdng l\u01b0\u1ee3ng<\/td>\n<td style=\"text-align: center;\" width=\"510\">130 kg<\/td>\n<\/tr>\n<tr>\n<td width=\"246\">L\u1eafp \u0111\u1eb7t:<\/td>\n<td style=\"text-align: center;\" width=\"510\">Tr\u00ean s\u00e0n<\/td>\n<\/tr>\n<tr>\n<td width=\"246\">K\u1ebft c\u1ea5u<\/td>\n<td style=\"text-align: center;\" width=\"510\">kh\u1edbp n\u1ed1i<\/td>\n<\/tr>\n<tr>\n<td width=\"246\">Ph\u1ea1m vi ho\u1ea1t \u0111\u1ed9ng<\/td>\n<td style=\"text-align: center;\" width=\"510\">\n<p style=\"text-align: left;\">\u00b7\u00a0\u00a0\u00a0\u00a0\u00a0\u00a0 Tr\u1ee5c 1: \u00b1170\u00b0<\/p>\n<p style=\"text-align: left;\">\u00b7\u00a0\u00a0\u00a0\u00a0\u00a0\u00a0 Tr\u1ee5c 2: +155\u00b0 &#8211; 90\u00b0<\/p>\n<p style=\"text-align: left;\">\u00b7\u00a0\u00a0\u00a0\u00a0\u00a0\u00a0 Tr\u1ee5c 3: +190\u00b0 &#8211; 170\u00b0<\/p>\n<p style=\"text-align: left;\">\u00b7\u00a0\u00a0\u00a0\u00a0\u00a0\u00a0 Tr\u1ee5c 4: \u00b1180\u00b0<\/p>\n<p style=\"text-align: left;\">\u00b7\u00a0\u00a0\u00a0\u00a0\u00a0\u00a0 Tr\u1ee5c 5:\u00a0 +225\u00b0 &#8211; 45\u00b0<\/p>\n<p style=\"text-align: left;\">\u00b7\u00a0\u00a0\u00a0\u00a0\u00a0\u00a0 Tr\u1ee5c 6: \u00b1360\u00b0<\/p>\n<\/td>\n<\/tr>\n<tr>\n<td width=\"246\">T\u1ed1c \u0111\u1ed9 di chuy\u1ec3n<\/td>\n<td style=\"text-align: center;\" width=\"510\">\n<p style=\"text-align: left;\">\u00b7\u00a0\u00a0\u00a0\u00a0\u00a0\u00a0 Tr\u1ee5c 1: 140 \u00b0\/s (2.44 rad\/s)<\/p>\n<p style=\"text-align: left;\">\u00b7\u00a0\u00a0\u00a0\u00a0\u00a0\u00a0 Tr\u1ee5c 2: 160 \u00b0\/s (2.79 rad\/s)<\/p>\n<p style=\"text-align: left;\">\u00b7\u00a0\u00a0\u00a0\u00a0\u00a0\u00a0 Tr\u1ee5c 3: 170 \u00b0\/s (2.97 rad\/s)<\/p>\n<p style=\"text-align: left;\">\u00b7\u00a0\u00a0\u00a0\u00a0\u00a0\u00a0 Tr\u1ee5c 4: 335 \u00b0\/s (5.85 rad\/s)<\/p>\n<p style=\"text-align: left;\">\u00b7\u00a0\u00a0\u00a0\u00a0\u00a0\u00a0 Tr\u1ee5c 5: 335 \u00b0\/s (5.85 rad\/s)<\/p>\n<p style=\"text-align: left;\">\u00b7\u00a0\u00a0\u00a0\u00a0\u00a0\u00a0 Tr\u1ee5c 6: 500 \u00b0\/s (8.73 rad\/s)<\/p>\n<\/td>\n<\/tr>\n<tr>\n<td width=\"246\">Ch\u1ebf \u0111\u1ed9 b\u1ea3o v\u1ec7<\/td>\n<td style=\"text-align: center;\" width=\"510\">\n<p style=\"text-align: left;\">\u00b7\u00a0\u00a0\u00a0\u00a0\u00a0\u00a0 T\u1ea5t c\u1ea3 c\u00e1c tr\u1ee5c \u0111\u1ec1u c\u00f3 h\u1ec7 th\u1ed1ng phanh<\/p>\n<p style=\"text-align: left;\">\u00b7\u00a0\u00a0\u00a0\u00a0\u00a0\u00a0 C\u00f3 h\u1ec7 th\u1ed1ng an to\u00e0n v\u00e0 t\u1ef1 b\u1ea3o v\u1ec7: ch\u1ed1ng qu\u00e1 \u00e1p, ch\u1ed1ng va \u0111\u1eadp m\u1ecf.<\/p>\n<\/td>\n<\/tr>\n<tr>\n<td colspan=\"2\" width=\"756\"><strong>2.\u00a0\u00a0\u00a0\u00a0 <\/strong><strong>T\u1ee6 \u0110I\u1ec0U XRC<\/strong><\/td>\n<\/tr>\n<tr>\n<td width=\"246\">S\u1ed1 tr\u1ee5c \u0111i\u1ec1u khi\u1ec3n<\/td>\n<td style=\"text-align: center;\" width=\"510\">6 tr\u1ee5c<\/td>\n<\/tr>\n<tr>\n<td width=\"246\">Ph\u1ea7n m\u1ec1m ch\u1ea1y trong<\/td>\n<td style=\"text-align: center;\" width=\"510\">YASKAWA ELECTRIC ti\u1ebfng Anh<\/td>\n<\/tr>\n<tr>\n<td width=\"246\">M\u00e0n h\u00ecnh<\/td>\n<td style=\"text-align: center;\" width=\"510\">1.0<\/td>\n<\/tr>\n<tr>\n<td width=\"246\">H\u1ec7 v\u00e0o\/ra ng\u01b0\u1eddi s\u1eed d\u1ee5ng<\/td>\n<td style=\"text-align: center;\" width=\"510\">20<\/td>\n<\/tr>\n<tr>\n<td colspan=\"2\" width=\"756\"><strong>3.\u00a0\u00a0\u00a0\u00a0 <\/strong><strong>NGU\u1ed2N H\u00c0N\u00a0 INVERTER\u00a0 <\/strong><strong>350A<\/strong><\/td>\n<\/tr>\n<tr>\n<td width=\"246\">\u0110i\u1ec7n \u00e1p v\u00e0o<\/td>\n<td style=\"text-align: center;\" width=\"510\">AC 200V, 3 pha, 50\/60Hz<\/td>\n<\/tr>\n<tr>\n<td width=\"246\">C\u00f4ng su\u1ea5t<\/td>\n<td style=\"text-align: center;\" width=\"510\">18.5 kVA(15kW)<\/td>\n<\/tr>\n<tr>\n<td width=\"246\">D\u00f2ng h\u00e0n max<\/td>\n<td style=\"text-align: center;\" width=\"510\">350A<\/td>\n<\/tr>\n<tr>\n<td width=\"246\">Chu k\u1ef3 l\u00e0m vi\u1ec7c<\/td>\n<td style=\"text-align: center;\" width=\"510\">60%<\/td>\n<\/tr>\n<tr>\n<td width=\"246\">D\u1ea3i d\u00f2ng h\u00e0n<\/td>\n<td style=\"text-align: center;\" width=\"510\">40-350A<\/td>\n<\/tr>\n<tr>\n<td width=\"246\">D\u1ea3i \u00e1p h\u00e0n<\/td>\n<td style=\"text-align: center;\" width=\"510\">12-36V<\/td>\n<\/tr>\n<tr>\n<td width=\"246\">H\u00e0n v\u1eadt li\u1ec7u:<\/td>\n<td style=\"text-align: center;\" width=\"510\">S\u1eaft, Inox<\/td>\n<\/tr>\n<tr>\n<td width=\"246\">Ph\u1ee5 ki\u1ec7n k\u00e8m theo<\/td>\n<td style=\"text-align: center;\" width=\"510\">\n<p style=\"text-align: left;\">\u00b7\u00a0\u00a0\u00a0\u00a0\u00a0\u00a0 S\u00fang h\u00e0n Mig d\u00f9ng cho robot, b\u1ed9 \u0111\u1ea9y d\u00e2y h\u00e0n; g\u00e1 \u0111\u1ee1 d\u00e2y h\u00e0n<\/p>\n<p style=\"text-align: left;\">\u00b7\u00a0\u00a0\u00a0\u00a0\u00a0\u00a0 H\u1ed9p kh\u1edfi \u0111\u1ed9ng thao t\u00e1c an to\u00e0n s\u1ea3n xu\u1ea5t.<\/p>\n<p style=\"text-align: left;\">\u00b7\u00a0\u00a0\u00a0\u00a0\u00a0\u00a0 B\u1ed9 d\u00e2y c\u00e1p t\u00edn hi\u1ec7u, c\u00e1p ngu\u1ed3n<\/p>\n<p style=\"text-align: left;\">\u00b7\u00a0\u00a0\u00a0\u00a0\u00a0\u00a0 B\u1ea3ng \u0111i\u1ec1u khi\u1ec3n<\/p>\n<p style=\"text-align: left;\">\u00b7\u00a0\u00a0\u00a0\u00a0\u00a0\u00a0 \u0110\u1ebf M\u00e1y<\/p>\n<\/td>\n<\/tr>\n<\/tbody>\n<\/table>\n<hr data-start=\"1850\" data-end=\"1853\" \/>\n<h3 data-start=\"1855\" data-end=\"1871\"><strong data-start=\"1859\" data-end=\"1871\">\u1ee8ng d\u1ee5ng<\/strong><\/h3>\n<p data-start=\"1349\" data-end=\"1401\">Robot h\u00e0n \u0111\u01b0\u1ee3c \u1ee9ng d\u1ee5ng r\u1ed9ng r\u00e3i trong c\u00e1c l\u0129nh v\u1ef1c:<\/p>\n<ul data-start=\"1403\" data-end=\"1603\">\n<li data-start=\"1403\" data-end=\"1432\">\n<p data-start=\"1405\" data-end=\"1432\">\ud83c\udfd7 <strong data-start=\"1408\" data-end=\"1432\">Ng\u00e0nh c\u01a1 kh\u00ed ch\u1ebf t\u1ea1o<\/strong><\/p>\n<\/li>\n<li data-start=\"1433\" data-end=\"1462\">\n<p data-start=\"1435\" data-end=\"1462\">\ud83d\ude97 <strong data-start=\"1438\" data-end=\"1462\">Ng\u00e0nh \u00f4 t\u00f4 v\u00e0 xe m\u00e1y<\/strong><\/p>\n<\/li>\n<li data-start=\"1463\" data-end=\"1512\">\n<p data-start=\"1465\" data-end=\"1512\">\ud83c\udfe2 <strong data-start=\"1468\" data-end=\"1512\">S\u1ea3n xu\u1ea5t k\u1ebft c\u1ea5u th\u00e9p, nh\u00e0 th\u00e9p ti\u1ec1n ch\u1ebf<\/strong><\/p>\n<\/li>\n<li data-start=\"1513\" data-end=\"1551\">\n<p data-start=\"1515\" data-end=\"1551\">\ud83e\ude91 <strong data-start=\"1518\" data-end=\"1551\">Gia c\u00f4ng \u0111\u1ed3 n\u1ed9i th\u1ea5t kim lo\u1ea1i<\/strong><\/p>\n<\/li>\n<li data-start=\"1552\" data-end=\"1603\">\n<p data-start=\"1554\" data-end=\"1603\">\ud83d\udd29 <strong data-start=\"1557\" data-end=\"1603\">Thi\u1ebft b\u1ecb \u0111i\u1ec7n, gia d\u1ee5ng, inox c\u00f4ng nghi\u1ec7p\u2026<\/strong><\/p>\n<\/li>\n<\/ul>\n<hr data-start=\"2039\" data-end=\"2042\" \/>\n<p data-start=\"1935\" data-end=\"2083\"><strong data-start=\"2118\" data-end=\"2134\"><a href=\"http:\/\/www.ematech.com\">EMA TECH<\/a> <\/strong> chuy\u00ean cung c\u1ea5p c\u00e1c d\u00f2ng <strong data-start=\"1970\" data-end=\"1994\">robot h\u00e0n ch\u00ednh h\u00e3ng<\/strong> \u0111\u1ebfn t\u1eeb c\u00e1c th\u01b0\u01a1ng hi\u1ec7u h\u00e0ng \u0111\u1ea7u: <strong data-start=\"2028\" data-end=\"2070\">Yaskawa, ABB, KUKA, FANUC, OTC, &#8230;<\/strong> v\u1edbi d\u1ecbch v\u1ee5:<\/p>\n<ul data-start=\"2084\" data-end=\"2193\">\n<li data-start=\"2084\" data-end=\"2110\">\n<p data-start=\"2086\" data-end=\"2110\">T\u01b0 v\u1ea5n gi\u1ea3i ph\u00e1p ph\u00f9 h\u1ee3p<\/p>\n<\/li>\n<li data-start=\"2111\" data-end=\"2142\">\n<p data-start=\"2113\" data-end=\"2142\">H\u01b0\u1edbng d\u1eabn v\u1eadn h\u00e0nh, l\u1eadp tr\u00ecnh<\/p>\n<\/li>\n<li data-start=\"2143\" data-end=\"2193\">\n<p data-start=\"2145\" data-end=\"2193\">B\u1ea3o h\u00e0nh ch\u00ednh h\u00e3ng, h\u1ed7 tr\u1ee3 k\u1ef9 thu\u1eadt nhanh ch\u00f3ng<\/p>\n<\/li>\n<\/ul>\n<p data-start=\"2195\" data-end=\"2262\">\ud83d\udcde <strong data-start=\"2198\" data-end=\"2262\">Li\u00ean h\u1ec7 ngay <a href=\"http:\/\/www.ematech.com\">EMA TECH<\/a> \u0111\u1ec3 \u0111\u01b0\u1ee3c t\u01b0 v\u1ea5n chi ti\u1ebft v\u00e0 nh\u1eadn b\u00e1o gi\u00e1 \u01b0u \u0111\u00e3i!<\/strong><\/p>\n<p data-start=\"2044\" data-end=\"2188\">\ud83d\udce6 <strong data-start=\"2047\" data-end=\"2112\">H\u00e0ng ch\u00ednh h\u00e3ng \u2013 B\u1ea3o h\u00e0nh \u0111\u1ea7y \u0111\u1ee7 \u2013 H\u1ed7 tr\u1ee3 k\u1ef9 thu\u1eadt to\u00e0n qu\u1ed1c<\/strong><\/p>\n","protected":false},"excerpt":{"rendered":"<h3 data-start=\"848\" data-end=\"871\"><strong data-start=\"852\" data-end=\"871\">\u01afu \u0111i\u1ec3m n\u1ed5i b\u1eadt<\/strong><\/h3>\n<ul data-start=\"872\" data-end=\"1433\">\n<li data-start=\"872\" data-end=\"985\">\n<p data-start=\"605\" data-end=\"746\">\u2705 <strong data-start=\"607\" data-end=\"626\">T\u0103ng n\u0103ng su\u1ea5t:<\/strong> Robot h\u00e0n c\u00f3 th\u1ec3 l\u00e0m vi\u1ec7c li\u00ean t\u1ee5c 24\/7 m\u00e0 kh\u00f4ng c\u1ea7n ngh\u1ec9, cho t\u1ed1c \u0111\u1ed9 h\u00e0n nhanh g\u1ea5p nhi\u1ec1u l\u1ea7n so v\u1edbi lao \u0111\u1ed9ng th\u1ee7 c\u00f4ng.<\/p>\n<p data-start=\"748\" data-end=\"878\">\u2705 <strong data-start=\"750\" data-end=\"773\">Ch\u1ea5t l\u01b0\u1ee3ng \u1ed5n \u0111\u1ecbnh:<\/strong> C\u00e1c m\u1ed1i h\u00e0n do robot th\u1ef1c hi\u1ec7n c\u00f3 \u0111\u1ed9 ch\u00ednh x\u00e1c cao, \u0111\u1ec1u v\u00e0 \u00edt sai s\u00f3t \u2013 gi\u00fap gi\u1ea3m t\u1ef7 l\u1ec7 l\u1ed7i v\u00e0 ph\u1ebf ph\u1ea9m.<\/p>\n<p data-start=\"880\" data-end=\"1047\">\u2705 <strong data-start=\"882\" data-end=\"912\">Ti\u1ebft ki\u1ec7m chi ph\u00ed l\u00e2u d\u00e0i:<\/strong> D\u00f9 chi ph\u00ed \u0111\u1ea7u t\u01b0 ban \u0111\u1ea7u cao, nh\u01b0ng robot h\u00e0n gi\u00fap ti\u1ebft ki\u1ec7m chi ph\u00ed nh\u00e2n c\u00f4ng, \u0111i\u1ec7n n\u0103ng v\u00e0 nguy\u00ean v\u1eadt li\u1ec7u nh\u1edd ki\u1ec3m so\u00e1t ch\u00ednh x\u00e1c.<\/p>\n<p data-start=\"1049\" data-end=\"1158\">\u2705 <strong data-start=\"1051\" data-end=\"1072\">An to\u00e0n lao \u0111\u1ed9ng:<\/strong> Lo\u1ea1i b\u1ecf nguy c\u01a1 ch\u00e1y n\u1ed5, ti\u1ebfp x\u00fac v\u1edbi tia h\u1ed3 quang v\u00e0 kh\u00f3i h\u00e0n \u0111\u1ed9c h\u1ea1i cho c\u00f4ng nh\u00e2n.<\/p>\n<p data-start=\"1160\" data-end=\"1312\">\u2705 <strong data-start=\"1162\" data-end=\"1185\">T\u00edch h\u1ee3p linh ho\u1ea1t:<\/strong> Robot h\u00e0n c\u00f3 th\u1ec3 l\u1eadp tr\u00ecnh \u0111\u1ec3 ho\u1ea1t \u0111\u1ed9ng theo nhi\u1ec1u h\u01b0\u1edbng, nhi\u1ec1u d\u1ea1ng s\u1ea3n ph\u1ea9m \u2013 ph\u00f9 h\u1ee3p v\u1edbi s\u1ea3n xu\u1ea5t h\u00e0ng lo\u1ea1t ho\u1eb7c \u0111\u01a1n chi\u1ebfc.<\/p>\n<\/li>\n<\/ul>\n","protected":false},"featured_media":1158,"comment_status":"open","ping_status":"closed","template":"","meta":[],"yst_prominent_words":[],"_links":{"self":[{"href":"https:\/\/ematechvn.com\/index.php?rest_route=\/wp\/v2\/product\/1157"}],"collection":[{"href":"https:\/\/ematechvn.com\/index.php?rest_route=\/wp\/v2\/product"}],"about":[{"href":"https:\/\/ematechvn.com\/index.php?rest_route=\/wp\/v2\/types\/product"}],"replies":[{"embeddable":true,"href":"https:\/\/ematechvn.com\/index.php?rest_route=%2Fwp%2Fv2%2Fcomments&post=1157"}],"wp:featuredmedia":[{"embeddable":true,"href":"https:\/\/ematechvn.com\/index.php?rest_route=\/wp\/v2\/media\/1158"}],"wp:attachment":[{"href":"https:\/\/ematechvn.com\/index.php?rest_route=%2Fwp%2Fv2%2Fmedia&parent=1157"}],"wp:term":[{"taxonomy":"yst_prominent_words","embeddable":true,"href":"https:\/\/ematechvn.com\/index.php?rest_route=%2Fwp%2Fv2%2Fyst_prominent_words&post=1157"}],"curies":[{"name":"wp","href":"https:\/\/api.w.org\/{rel}","templated":true}]}}