{"id":1203,"date":"2025-12-11T15:13:41","date_gmt":"2025-12-11T08:13:41","guid":{"rendered":"https:\/\/ematechvn.com\/?post_type=product&#038;p=1203"},"modified":"2025-12-11T15:15:21","modified_gmt":"2025-12-11T08:15:21","slug":"day-cap-quang-qbh-cho-nguon-ipg-max-raycus","status":"publish","type":"product","link":"https:\/\/ematechvn.com\/?product=day-cap-quang-qbh-cho-nguon-ipg-max-raycus","title":{"rendered":"D\u00e2y c\u00e1p quang QBH cho ngu\u1ed3n IPG\/MAX\/RAYCUS"},"content":{"rendered":"<p data-start=\"521\" data-end=\"762\">D\u00e2y c\u00e1p quang laser QBH cho ngu\u1ed3n IPG\/MAX\/RAYCUS l\u00e0 linh ki\u1ec7n quan tr\u1ecdng trong h\u1ec7 th\u1ed1ng laser fiber. V\u1edbi kh\u1ea3 n\u0103ng truy\u1ec1n n\u0103ng l\u01b0\u1ee3ng \u1ed5n \u0111\u1ecbnh, hi\u1ec7u su\u1ea5t cao v\u00e0 \u0111\u1ed9 b\u1ec1n v\u01b0\u1ee3t tr\u1ed9i, s\u1ea3n ph\u1ea9m n\u00e0y \u0111\u01b0\u1ee3c s\u1eed d\u1ee5ng r\u1ed9ng r\u00e3i trong c\u00e1c m\u00e1y c\u1eaft laser c\u00f4ng su\u1ea5t t\u1eeb <strong data-start=\"744\" data-end=\"759\">1kW \u0111\u1ebfn 8kW<\/strong>.<\/p>\n<p data-start=\"764\" data-end=\"926\">Thi\u1ebft k\u1ebf ti\u00eau chu\u1ea9n qu\u1ed1c t\u1ebf <strong data-start=\"792\" data-end=\"809\">QBH connector<\/strong>, ch\u1ed1ng b\u1ee5i \u2013 ch\u1ed1ng ch\u00e1y \u2013 ch\u1ecbu nhi\u1ec7t t\u1ed1t, gi\u00fap b\u1ea3o v\u1ec7 ngu\u1ed3n laser v\u00e0 \u0111\u1ea3m b\u1ea3o qu\u00e1 tr\u00ecnh gia c\u00f4ng li\u00ean t\u1ee5c, ch\u00ednh x\u00e1c.<\/p>\n","protected":false},"excerpt":{"rendered":"<p>D\u00e2y c\u00e1p quang laser QBH cho ngu\u1ed3n IPG\/MAX\/RAYCUS l\u00e0 linh ki\u1ec7n quan tr\u1ecdng trong h\u1ec7 th\u1ed1ng laser fiber. V\u1edbi kh\u1ea3 n\u0103ng truy\u1ec1n n\u0103ng l\u01b0\u1ee3ng \u1ed5n \u0111\u1ecbnh, hi\u1ec7u su\u1ea5t cao v\u00e0 \u0111\u1ed9 b\u1ec1n v\u01b0\u1ee3t tr\u1ed9i, s\u1ea3n ph\u1ea9m n\u00e0y \u0111\u01b0\u1ee3c s\u1eed d\u1ee5ng r\u1ed9ng r\u00e3i trong c\u00e1c m\u00e1y c\u1eaft laser c\u00f4ng su\u1ea5t t\u1eeb 1kW \u0111\u1ebfn 8kW. Thi\u1ebft k\u1ebf [&hellip;]<\/p>\n","protected":false},"featured_media":1204,"comment_status":"open","ping_status":"closed","template":"","meta":[],"yst_prominent_words":[],"_links":{"self":[{"href":"https:\/\/ematechvn.com\/index.php?rest_route=\/wp\/v2\/product\/1203"}],"collection":[{"href":"https:\/\/ematechvn.com\/index.php?rest_route=\/wp\/v2\/product"}],"about":[{"href":"https:\/\/ematechvn.com\/index.php?rest_route=\/wp\/v2\/types\/product"}],"replies":[{"embeddable":true,"href":"https:\/\/ematechvn.com\/index.php?rest_route=%2Fwp%2Fv2%2Fcomments&post=1203"}],"wp:featuredmedia":[{"embeddable":true,"href":"https:\/\/ematechvn.com\/index.php?rest_route=\/wp\/v2\/media\/1204"}],"wp:attachment":[{"href":"https:\/\/ematechvn.com\/index.php?rest_route=%2Fwp%2Fv2%2Fmedia&parent=1203"}],"wp:term":[{"taxonomy":"yst_prominent_words","embeddable":true,"href":"https:\/\/ematechvn.com\/index.php?rest_route=%2Fwp%2Fv2%2Fyst_prominent_words&post=1203"}],"curies":[{"name":"wp","href":"https:\/\/api.w.org\/{rel}","templated":true}]}}